f q(4)?
1
Suppose -2*y + 28 = 2*y. Let s be (0 + -2)*(2 - y). What is the units digit of 42/4 - 5/s?
0
Let r(j) = j**3 + j**2 - 16*j + 18. What is the tens digit of r(5)?
8
Let o(z) = z - 1. Let k be o(-6). Let q = -17 + 28. Let r = k + q. What is the units digit of r?
4
Let f(v) = -9*v. What is the units digit of f(-3)?
7
Let b(x) = -x**3 + 2*x**2 - x. Let o be b(4). Let d = -21 - o. Suppose -w + 3 = 6*l - l, 5*w + 5*l = d. What is the units digit of w?
3
Let x be 2 - ((2 - -1) + 3). Let l be (2/6)/(x/(-60)). Suppose l*m + n = 10, 3*n - 10 = 3*m + 2*m. What is the units digit of m?
1
Let i = 4 + -2. Suppose 18 = 2*j + 4*p, i*j = -3*p - 0*p + 13. What is the units digit of 6 + j*(2 + 0)?
4
Let r(c) = 19*c + 1. Let z(y) = -y. Let w(a) = r(a) - 2*z(a). What is the tens digit of w(1)?
2
Let y(t) = t**2 + 9. Suppose 4*c - 37 = -3*m - 2, -3*c - 5*m + 40 = 0. Let h = c - 5. What is the units digit of y(h)?
9
Suppose 0 = 5*f - v - 13 - 1, -5*f = v - 6. Suppose f*j + 2 = 14. What is the units digit of j?
6
Let t = 23 - 9. What is the units digit of t?
4
Suppose -2*q = l + 5 - 3, 0 = -l + 5*q + 12. Suppose 0 = 3*a - l*p - 9, -12 = -4*a - 0*a + 5*p. Suppose -a = -x + 3. What is the units digit of x?
6
Suppose 2*n + 8 = 4*n. Let h = 8 - n. Suppose -5*j + 22 = w, -2*w + h*w - j = 0. What is the units digit of w?
2
Let s(b) = 4*b**2 + 4. What is the units digit of s(-3)?
0
What is the tens digit of (-15)/60 + 794/8?
9
Let c be 2/3 - 1/(-3). Let d(v) = v**2 + 6*v + 2. Let h be d(-5). Let g = c - h. What is the units digit of g?
4
What is the tens digit of 63 + -4*(-3 + 2)?
6
Suppose -4*j - 5*v + 44 = 0, 5*j - 1 = 5*v + 9. Let f be 2/(-8) + (-23)/4. What is the units digit of ((-20)/f)/(2/j)?
0
Let b = 29 + -21. Let q = 16 - b. Suppose s = -s + q. What is the units digit of s?
4
What is the units digit of 474/24 + (-2)/(-8)?
0
Suppose r = 5*y - 652, 5*y - 3*r - 396 = 2*y. Suppose 7*j - y = -4. What is the tens digit of j?
1
Let r be (-1 + (-1)/(-1))/2. Let t(d) = d**3 - d + 2. What is the units digit of t(r)?
2
Suppose 0 = r - 3*j - 34, -2*r - j = -0*r - 75. What is the tens digit of r?
3
Let m(c) = -c**2 + 8*c. Let y be m(9). Let a be 1 + (y/(-3))/(-3). Suppose a = -s - s + 14. What is the units digit of s?
7
Let i(r) = r**3 + 6*r**2 - 7*r - 8. What is the tens digit of i(-6)?
3
Suppose -3*u + 33 = -3*g, 0 = 5*g - 0*g + 5*u + 35. Let d(c) = c**2 + 8*c - 6. What is the units digit of d(g)?
3
Suppose -2*l - 8 = -0*l. Let q(b) = -2*b - 1. Let u be q(l). Suppose 3*c - 31 = -u. What is the units digit of c?
8
Suppose -102 = z - 5*z + 3*w, 0 = z + w - 22. What is the tens digit of z?
2
Let q = -8 + 23. Let f be ((-6)/q)/((-2)/10). Suppose 3*y = -f*y + 35. What is the units digit of y?
7
Let h(i) = i - 2*i + 0*i**2 + 1 + 10*i**2. What is the units digit of h(-2)?
3
Let j(y) = 5*y**2 - 4*y - 5. What is the units digit of j(-2)?
3
Let a = 20 - 7. What is the units digit of a?
3
Suppose 4*d - 69 = 43. Suppose 2*p = 2*u - 40, -p = -5*u + 72 + d. What is the tens digit of u?
2
Let s be (-1 - (2 - 3))/(-2). Suppose 2*w + s*w = 4*u + 22, u = -5*w + 55. What is the units digit of w?
1
Let x be (-8)/(-12) + (-10)/6. Let r(a) = -6*a. What is the units digit of r(x)?
6
Let m = 50 + -25. What is the tens digit of m?
2
Suppose 0 = 5*m - 263 + 63. What is the units digit of m?
0
Suppose 0 = -3*o + 2*y + 7, -5*o + 4*y + 13 = y. Let t = -3 - -4. What is the units digit of t + o*(-3)/(-3)?
6
Let k(m) = -m**2 - 12*m - 6. What is the tens digit of k(-9)?
2
Let o be (-2)/(2 - 600/303). Let m = o + 151. What is the tens digit of m?
5
Suppose 18 = -3*q + 252. Suppose -4*h = -4*s + 18 + q, 2*s - 43 = h. Let a = 32 - s. What is the units digit of a?
3
Let f(g) = g - 2. Let t be f(7). Suppose t*z - z = 12. Suppose 0 = -z*j - 0*j + 18. What is the units digit of j?
6
Let x(t) = -2*t**2 + 7*t + 10. Let d be x(6). What is the units digit of d*1*(14 - 15)?
0
Let k = 3 + -2. Suppose -k + 0 = -j. What is the units digit of j?
1
Let z be (30/(-8))/((-15)/160). Suppose z = 3*w + 2*w. What is the units digit of w?
8
Let n(f) = f**3 + 5*f**2 - 6*f - 6. Let o be n(-5). Suppose -5*j = -o - 6. Suppose -2*d - j = -36. What is the tens digit of d?
1
Let k be 3/5 - (88/(-20) + -1). Let v(x) = -3*x - 3. Let a be v(-2). Let o = k - a. What is the units digit of o?
3
Let q(b) = -b**2 + b + 8. Let i(k) = -2*k**2 + k + 16. Let g(h) = 6*i(h) - 11*q(h). Let f be g(-6). What is the units digit of (-1)/(-3) - f/(-3)?
1
Let r = -3 + 8. Suppose -35 + 4 = -4*q - w, -r*w = -3*q + 52. What is the units digit of q?
9
What is the tens digit of 1*(-2 - 1) - -58?
5
Let i be 0 - -6*(-14)/(-4). Let o = i + -10. Let v = -6 + o. What is the units digit of v?
5
Let c(l) = -l**3 - 3*l**2 - 2*l - 2. Let o = -4 + 1. What is the units digit of c(o)?
4
Suppose -3*o = o. Suppose o*g - 3*g + 2 = -m, -g + 70 = 5*m. What is the units digit of m?
3
Let l(r) be the second derivative of -5*r**3/3 + r**2 + 4*r. What is the units digit of l(-3)?
2
Let a(y) = -3*y - 3. Let o be a(-3). Let i = o + 10. What is the units digit of i?
6
Suppose -2*a + 2*t = -42, 2*t = -3*t + 25. What is the units digit of a?
6
Suppose -32 = -3*q + 5*p - 3*p, p + 46 = 4*q. What is the units digit of (-19)/(-4) - (-3)/q?
5
Let r = -36 - -18. What is the units digit of (r - (1 + -2))/(-1)?
7
Let l = 6 - 6. Suppose l*y = 2*y - 6, 5*y - 33 = -3*c. What is the units digit of c?
6
What is the units digit of 3/5 + 1328/20?
7
What is the tens digit of -12*(2/1)/(-2)?
1
Let b(l) = -2*l + 2. Let i be b(3). Let w(a) = -2*a - 5. What is the units digit of w(i)?
3
What is the hundreds digit of (-2)/2 - (1*-106 + -1)?
1
Let k(p) = p**2 + 11*p + 3. Let l be 1 + (2 + -5 - 11). What is the tens digit of k(l)?
2
Suppose -z - 39 = 2*m, -z - 61 = 3*m + 3*z. Let y = -17 + 5. Let p = y - m. What is the units digit of p?
7
Let y = 150 - -6. What is the hundreds digit of y?
1
Let t(s) = s + 1. Suppose u - 5 + 1 = 0, -4*i + 3*u = 16. Let g be t(i). What is the units digit of g + -2 + 11 + -1?
8
Let d = 8 + -3. Suppose -d*p + 2 = 7. What is the units digit of (1 + p + 1)*8?
8
Let g(z) = -15*z**2 - 16 + 10*z - 16*z**2 + 44*z**2 + z**3. What is the units digit of g(-12)?
8
Suppose -2*u = -2*n + 2 - 12, -5*n + 3 = 2*u. Let h = 2 - n. Let q = -2 + h. What is the units digit of q?
1
Suppose -17*s = -21*s + 404. What is the tens digit of s?
0
What is the tens digit of 4/8 + 406/4?
0
Let i(z) = -2*z + 18. What is the tens digit of i(-8)?
3
Suppose -18 = -3*q - 5*l + 5, -2*l = -8. Let h = 8 - 9. What is the units digit of (-2 - 3/q)/h?
5
Let h = -8 + 8. Suppose -3*c - 31 = 5*i - 9, h = -2*i + 3*c + 8. What is the tens digit of (3 - (-4)/i) + 14?
1
Let o(u) = -u**3 + 9*u**2 - 8*u + 1. Suppose -8 = -n + b, 2*n - 32 = -2*n + 2*b. Let y be o(n). What is the units digit of (y + 1)/((-4)/(-10))?
5
Let w = 142 + -57. What is the units digit of w?
5
Let y(j) = 2*j**2 + 11*j + 2. What is the tens digit of y(-7)?
2
Suppose -2*n = -4*n + 8. Suppose i - 52 = -n*h - 2*i, -i = 5*h - 65. What is the tens digit of h?
1
Suppose 0 = -3*i - 2*q + 95, 8*q - 5*q = -3*i + 90. What is the tens digit of i?
3
What is the units digit of (-30)/4*288/(-60)?
6
Let g = 170 + -34. What is the units digit of g?
6
Suppose g - 5 = -l + 5*l, 3*g - 2*l - 15 = 0. Suppose 3*z - 40 = 5*m, -6*z + z + g*m + 80 = 0. What is the units digit of z?
0
Let s = -10 + 23. Suppose k - 2*r - 2 = 0, -k - r + s = 2*k. What is the units digit of k?
4
Let w be -2*2/2*-1. Suppose -w*y = -1 - 23. What is the tens digit of y?
1
Suppose -5*j - 2*t - 2 = 0, 5*j - 4*t - 6 + 2 = 0. Suppose j = 5*k - 3*y - 55, 4*k - 2 = 2*y + 44. What is the units digit of k?
4
Let x be 3/(((-15)/2)/(-5)). Suppose 0*t - 4*t + 60 = -4*m, 54 = 4*t - x*m. What is the tens digit of t?
1
Let y(b) = -b**2 + 9*b - 10. Let k be y(8). Let h = k - -8. What is the units digit of h?
6
Suppose 8 = b - 0*b. Suppose 4*x - b = 32. What is the tens digit of x?
1
Let w = 161 + -92. What is the tens digit of w?
6
Let p = -146 + 262. What is the tens digit of p?
1
Let l(h) = h**3 + 6*h**2 - 7*h - 1. Let w be l(-5). Let b = -42 + w. What is the units digit of b?
7
Suppose -5*u - 2*x + 102 = -0*x, -3*u - 2*x + 62 = 0. Suppose 5*o - u = 3*o. What is the tens digit of o?
1
What is the units dig